{"id":2741,"date":"2024-06-21T13:27:51","date_gmt":"2024-06-21T11:27:51","guid":{"rendered":"https:\/\/www.ksb-mol.de\/?page_id=2741"},"modified":"2025-10-08T09:02:17","modified_gmt":"2025-10-08T07:02:17","slug":"23-deutsch-polnische-kitaolympiade-2024","status":"publish","type":"page","link":"https:\/\/www.ksb-mol.de\/%20startseite%202025\/23-deutsch-polnische-kitaolympiade-2024\/","title":{"rendered":"23. Deutsch-Polnische Kitaolympiade 2024"},"content":{"rendered":"<p>[et_pb_section fb_built=&#8220;1&#8243; _builder_version=&#8220;4.25.0&#8243; _module_preset=&#8220;default&#8220; background_color=&#8220;#E02B20&#8243; background_image=&#8220;https:\/\/www.ksb-mol.de\/wp-content\/uploads\/2024\/06\/42-scaled.jpg&#8220; global_colors_info=&#8220;{}&#8220;][et_pb_row _builder_version=&#8220;4.21.0&#8243; _module_preset=&#8220;default&#8220; min_height=&#8220;152.9px&#8220; global_colors_info=&#8220;{}&#8220;][et_pb_column type=&#8220;4_4&#8243; _builder_version=&#8220;4.21.0&#8243; _module_preset=&#8220;default&#8220; global_colors_info=&#8220;{}&#8220;][et_pb_text _builder_version=&#8220;4.25.0&#8243; _module_preset=&#8220;default&#8220; custom_padding=&#8220;0px|||||&#8220; global_colors_info=&#8220;{}&#8220;]<\/p>\n<h3><span style=\"color: #ffff00;\"><strong>23. Deutsch-Polnische Kitaolympiade am 14.06.2024 im Sport- und Erholungspark Strausberg<\/strong><\/span><\/h3>\n<p>[\/et_pb_text][\/et_pb_column][\/et_pb_row][\/et_pb_section][et_pb_section fb_built=&#8220;1&#8243; _builder_version=&#8220;4.17.4&#8243; _module_preset=&#8220;default&#8220; global_colors_info=&#8220;{}&#8220;][et_pb_row column_structure=&#8220;3_5,2_5&#8243; _builder_version=&#8220;4.21.0&#8243; _module_preset=&#8220;default&#8220; custom_padding=&#8220;|||0px||&#8220; global_colors_info=&#8220;{}&#8220;][et_pb_column type=&#8220;3_5&#8243; _builder_version=&#8220;4.17.4&#8243; _module_preset=&#8220;default&#8220; global_colors_info=&#8220;{}&#8220;][et_pb_image src=&#8220;https:\/\/www.ksb-mol.de\/wp-content\/uploads\/2024\/06\/43-scaled.jpg&#8220; title_text=&#8220;43&#8243; _builder_version=&#8220;4.25.0&#8243; _module_preset=&#8220;default&#8220; global_colors_info=&#8220;{}&#8220;][\/et_pb_image][\/et_pb_column][et_pb_column type=&#8220;2_5&#8243; _builder_version=&#8220;4.17.4&#8243; _module_preset=&#8220;default&#8220; global_colors_info=&#8220;{}&#8220;][et_pb_image src=&#8220;https:\/\/www.ksb-mol.de\/wp-content\/uploads\/2024\/06\/47-scaled.jpg&#8220; title_text=&#8220;47&#8243; _builder_version=&#8220;4.25.0&#8243; _module_preset=&#8220;default&#8220; global_colors_info=&#8220;{}&#8220;][\/et_pb_image][et_pb_text _builder_version=&#8220;4.25.0&#8243; _module_preset=&#8220;default&#8220; global_colors_info=&#8220;{}&#8220;]<\/p>\n<p>Herzlichen Gl\u00fcckwunsch an alle Kinder, die am 14.06.2024 sich dem sportlichen Ereignis gestellt haben und den Erwachsenen super Leistungen zeigen konnten.<\/p>\n<p>Insgesamt waren 36 Kitaeinrichtungen aus MOL und Polen (5) am Start, die bei besserem Wetter als 2023 mit guter Laune und viel Freude dabei waren. Unter den Augen der Ehreng\u00e4ste und vor allem mit der Unterst\u00fctzung von &#8222;Fritzi&#8220; von der Brandenburgischen Sportjugend waren am Ende alle gl\u00fcckliche Sieger!<\/p>\n<p>[\/et_pb_text][\/et_pb_column][\/et_pb_row][et_pb_row column_structure=&#8220;1_2,1_2&#8243; _builder_version=&#8220;4.17.4&#8243; _module_preset=&#8220;default&#8220; global_colors_info=&#8220;{}&#8220;][et_pb_column type=&#8220;1_2&#8243; _builder_version=&#8220;4.17.4&#8243; _module_preset=&#8220;default&#8220; global_colors_info=&#8220;{}&#8220;][et_pb_text _builder_version=&#8220;4.25.0&#8243; _module_preset=&#8220;default&#8220; global_colors_info=&#8220;{}&#8220;]<\/p>\n<p>F\u00fcr die Abteilung Breitensport war die Organisation in 2024 sehr schwierig, da eine F\u00f6rderung \u00fcber die Euroregion nicht m\u00f6glich war, aber mit der Unterst\u00fctzung von der SPARKASSE MOL, Edeka H\u00fcbner aus Seelow, vom Landkreis MOL, von den Stadtwerken Strausberg,\u00a0 der Stadt Strausberg, von Allianz Busse und sogar privater Spenden konnte die Veranstaltung erneut organisert und finanziert werden. Gro\u00dfen Dank an alle!<\/p>\n<p>Sehr dankbar sind wir unseren flei\u00dfigen ehrenamtlichen Helferinnen und Helfer, die an diesem Tag als Kampfrichter eingesprungen sind! Ihr ward toll!!<\/p>\n<p>Auch Kitaerzieherinnen, Mamas &amp; Papas und Gro\u00dfeltern haben einen tollen Job gemacht und stets daf\u00fcr gesorgt, dass alle zusammenblieben und der Ablauf perfekt funktionierte!<\/p>\n<p>[\/et_pb_text][et_pb_image src=&#8220;https:\/\/www.ksb-mol.de\/wp-content\/uploads\/2024\/06\/7-scaled.jpg&#8220; title_text=&#8220;7&#8243; _builder_version=&#8220;4.25.0&#8243; _module_preset=&#8220;default&#8220; global_colors_info=&#8220;{}&#8220;][\/et_pb_image][\/et_pb_column][et_pb_column type=&#8220;1_2&#8243; _builder_version=&#8220;4.17.4&#8243; _module_preset=&#8220;default&#8220; global_colors_info=&#8220;{}&#8220;][et_pb_image src=&#8220;https:\/\/www.ksb-mol.de\/wp-content\/uploads\/2024\/06\/32-scaled.jpg&#8220; title_text=&#8220;32&#8243; _builder_version=&#8220;4.25.0&#8243; _module_preset=&#8220;default&#8220; global_colors_info=&#8220;{}&#8220;][\/et_pb_image][et_pb_text _builder_version=&#8220;4.25.0&#8243; _module_preset=&#8220;default&#8220; global_colors_info=&#8220;{}&#8220;]<\/p>\n<p>Erneut konnte unsere polnische Partnerkita &#8222;Pod Topola&#8220; aus Kostrzyn den Sieg davon tragen und feierten auf der Stelle die Titelverteidigung!<\/p>\n<p>Einen tollen 2. Platz erreichte die Kita &#8222;Freundschaft&#8220; aus Wriezen und konnte mal wieder an vergangene Erfolge ankn\u00fcpfen.\u00a0<\/p>\n<p>Ebenso schaffte die Kita &#8222;Sonnenschein&#8220; aus Vogelsdorf den Platz aufs Siegerpodium und wurde von mitgereisten Eltern und Fans gefeiert!\u00a0<\/p>\n<p>[\/et_pb_text][\/et_pb_column][\/et_pb_row][et_pb_row column_structure=&#8220;1_2,1_2&#8243; _builder_version=&#8220;4.19.1&#8243; _module_preset=&#8220;default&#8220; global_colors_info=&#8220;{}&#8220;][et_pb_column type=&#8220;1_2&#8243; _builder_version=&#8220;4.19.1&#8243; _module_preset=&#8220;default&#8220; global_colors_info=&#8220;{}&#8220;][et_pb_image src=&#8220;https:\/\/www.ksb-mol.de\/wp-content\/uploads\/2024\/06\/4-scaled.jpg&#8220; title_text=&#8220;4&#8243; _builder_version=&#8220;4.25.0&#8243; _module_preset=&#8220;default&#8220; global_colors_info=&#8220;{}&#8220;][\/et_pb_image][\/et_pb_column][et_pb_column type=&#8220;1_2&#8243; _builder_version=&#8220;4.19.1&#8243; _module_preset=&#8220;default&#8220; global_colors_info=&#8220;{}&#8220;][et_pb_image src=&#8220;https:\/\/www.ksb-mol.de\/wp-content\/uploads\/2024\/06\/21-scaled.jpg&#8220; title_text=&#8220;21&#8243; _builder_version=&#8220;4.25.0&#8243; _module_preset=&#8220;default&#8220; global_colors_info=&#8220;{}&#8220;][\/et_pb_image][\/et_pb_column][\/et_pb_row][et_pb_row column_structure=&#8220;1_3,1_3,1_3&#8243; _builder_version=&#8220;4.25.0&#8243; _module_preset=&#8220;default&#8220; global_colors_info=&#8220;{}&#8220;][et_pb_column type=&#8220;1_3&#8243; _builder_version=&#8220;4.25.0&#8243; _module_preset=&#8220;default&#8220; global_colors_info=&#8220;{}&#8220;][et_pb_image src=&#8220;https:\/\/www.ksb-mol.de\/wp-content\/uploads\/2024\/06\/57-scaled.jpg&#8220; title_text=&#8220;57&#8243; _builder_version=&#8220;4.25.0&#8243; _module_preset=&#8220;default&#8220; global_colors_info=&#8220;{}&#8220;][\/et_pb_image][et_pb_image src=&#8220;https:\/\/www.ksb-mol.de\/wp-content\/uploads\/2024\/06\/8-scaled.jpg&#8220; title_text=&#8220;8&#8243; _builder_version=&#8220;4.25.0&#8243; _module_preset=&#8220;default&#8220; global_colors_info=&#8220;{}&#8220;][\/et_pb_image][et_pb_image src=&#8220;https:\/\/www.ksb-mol.de\/wp-content\/uploads\/2024\/06\/6-scaled.jpg&#8220; title_text=&#8220;6&#8243; _builder_version=&#8220;4.25.0&#8243; _module_preset=&#8220;default&#8220; global_colors_info=&#8220;{}&#8220;][\/et_pb_image][et_pb_image src=&#8220;https:\/\/www.ksb-mol.de\/wp-content\/uploads\/2024\/06\/38-scaled.jpg&#8220; title_text=&#8220;38&#8243; _builder_version=&#8220;4.25.0&#8243; _module_preset=&#8220;default&#8220; global_colors_info=&#8220;{}&#8220;][\/et_pb_image][et_pb_image src=&#8220;https:\/\/www.ksb-mol.de\/wp-content\/uploads\/2024\/06\/52.jpg&#8220; title_text=&#8220;52&#8243; _builder_version=&#8220;4.25.0&#8243; _module_preset=&#8220;default&#8220; global_colors_info=&#8220;{}&#8220;][\/et_pb_image][\/et_pb_column][et_pb_column type=&#8220;1_3&#8243; _builder_version=&#8220;4.19.1&#8243; _module_preset=&#8220;default&#8220; global_colors_info=&#8220;{}&#8220;][et_pb_text _builder_version=&#8220;4.21.0&#8243; _module_preset=&#8220;default&#8220; global_colors_info=&#8220;{}&#8220;]<\/p>\n<p><strong>Danke an alle, die uns unterst\u00fctzt haben:<\/strong><\/p>\n<ul>\n<li>Maria, Beata, Natalie, Agnieska und Frau Joseph als Dolmetscherinnen,<\/li>\n<li>Petra, Silvia, Harald, Tina, Matze (mit Freundin), Maja, Elisabeth, Elisa, Kathleen, Ramona und Bea f\u00fcr den Kampfrichtereinsatz,<\/li>\n<li>Silvia f\u00fcr die Hilfe im Org-B\u00fcro!,<\/li>\n<li>Ramona und Helfer f\u00fcr die Obstbar,<\/li>\n<li>DJ Oli f\u00fcr die musikalische und technische Begleitung,<\/li>\n<li>Anja, Inga, Jenny und die flei\u00dfigen Platzwarte vom SEP,<\/li>\n<li>DRK-Team um Sabine Joeks,<\/li>\n<li>Herrn Weitzel und Team f\u00fcr die Versorgung,<\/li>\n<li>Wasserverband Strausberg\/ Erkner f\u00fcr die Wasserbar<\/li>\n<li>und allen anderen, die uns geholfen haben!<\/li>\n<\/ul>\n<p>[\/et_pb_text][et_pb_text _builder_version=&#8220;4.25.0&#8243; _module_preset=&#8220;default&#8220; global_colors_info=&#8220;{}&#8220;]<\/p>\n<p>Herzlichen Dank f\u00fcr das Erscheinen unserer <strong>Ehreng\u00e4ste<\/strong>:<\/p>\n<ul>\n<li style=\"text-align: justify;\">Martin Schulthei\u00df (Vorsitzender KSB MOL e. V. )<\/li>\n<li style=\"text-align: justify;\">Kristy Augustin (stellv Vorsitzende KSB MOL e. V., Vizepr\u00e4sidentin LSB Brandenburg e. V.)<\/li>\n<li style=\"text-align: justify;\">Dieter Sch\u00e4fer (Ehrenvorsitzender KSB MOL e. V.)<\/li>\n<li style=\"text-align: justify;\">Reinhard F\u00f6rster (Ehrenmitglied KSB MOL e. V.)<\/li>\n<li style=\"text-align: justify;\">Elke Stadeler (BM Strausberg)<\/li>\n<li style=\"text-align: justify;\">Markus Derling (GF Stadtwerke)<\/li>\n<li style=\"text-align: justify;\">Nicole Sch\u00e4sske (Sparkasse MOL)<\/li>\n<li style=\"text-align: justify;\">Sylvia Heuer (Brandenburgische Sportjugend)<\/li>\n<li style=\"text-align: justify;\">Kerstin Kaiser (KT DIE LINKE)<\/li>\n<li style=\"text-align: justify;\">Sina Sch\u00f6nbrunn (SPD)<\/li>\n<\/ul>\n<p>[\/et_pb_text][et_pb_image src=&#8220;https:\/\/www.ksb-mol.de\/wp-content\/uploads\/2024\/06\/55-scaled.jpg&#8220; title_text=&#8220;55&#8243; _builder_version=&#8220;4.25.0&#8243; _module_preset=&#8220;default&#8220; global_colors_info=&#8220;{}&#8220;][\/et_pb_image][et_pb_image src=&#8220;https:\/\/www.ksb-mol.de\/wp-content\/uploads\/2024\/06\/1-scaled.jpg&#8220; title_text=&#8220;1&#8243; _builder_version=&#8220;4.25.0&#8243; _module_preset=&#8220;default&#8220; global_colors_info=&#8220;{}&#8220;][\/et_pb_image][\/et_pb_column][et_pb_column type=&#8220;1_3&#8243; _builder_version=&#8220;4.21.0&#8243; _module_preset=&#8220;default&#8220; global_colors_info=&#8220;{}&#8220;][et_pb_image src=&#8220;https:\/\/www.ksb-mol.de\/wp-content\/uploads\/2024\/06\/51.jpg&#8220; title_text=&#8220;51&#8243; _builder_version=&#8220;4.25.0&#8243; _module_preset=&#8220;default&#8220; global_colors_info=&#8220;{}&#8220;][\/et_pb_image][et_pb_image src=&#8220;https:\/\/www.ksb-mol.de\/wp-content\/uploads\/2024\/06\/31-scaled.jpg&#8220; title_text=&#8220;31&#8243; _builder_version=&#8220;4.25.0&#8243; _module_preset=&#8220;default&#8220; global_colors_info=&#8220;{}&#8220;][\/et_pb_image][et_pb_image src=&#8220;https:\/\/www.ksb-mol.de\/wp-content\/uploads\/2024\/06\/25-scaled.jpg&#8220; title_text=&#8220;25&#8243; _builder_version=&#8220;4.25.0&#8243; _module_preset=&#8220;default&#8220; global_colors_info=&#8220;{}&#8220;][\/et_pb_image][et_pb_image src=&#8220;https:\/\/www.ksb-mol.de\/wp-content\/uploads\/2024\/06\/46-1-scaled.jpg&#8220; title_text=&#8220;46&#8243; _builder_version=&#8220;4.25.0&#8243; _module_preset=&#8220;default&#8220; global_colors_info=&#8220;{}&#8220;][\/et_pb_image][et_pb_image src=&#8220;https:\/\/www.ksb-mol.de\/wp-content\/uploads\/2024\/06\/30-scaled.jpg&#8220; title_text=&#8220;30&#8243; _builder_version=&#8220;4.25.0&#8243; _module_preset=&#8220;default&#8220; global_colors_info=&#8220;{}&#8220;][\/et_pb_image][\/et_pb_column][\/et_pb_row][\/et_pb_section][et_pb_section fb_built=&#8220;1&#8243; _builder_version=&#8220;4.25.0&#8243; _module_preset=&#8220;default&#8220; global_colors_info=&#8220;{}&#8220;][\/et_pb_section]<\/p>\n","protected":false},"excerpt":{"rendered":"<p>23. Deutsch-Polnische Kitaolympiade am 14.06.2024 im Sport- und Erholungspark StrausbergHerzlichen Gl\u00fcckwunsch an alle Kinder, die am 14.06.2024 sich dem sportlichen Ereignis gestellt haben und den Erwachsenen super Leistungen zeigen konnten. [&hellip;]<\/p>\n","protected":false},"author":3,"featured_media":0,"parent":0,"menu_order":0,"comment_status":"closed","ping_status":"closed","template":"","meta":{"_et_pb_use_builder":"on","_et_pb_old_content":"","_et_gb_content_width":"","footnotes":""},"class_list":["post-2741","page","type-page","status-publish","hentry"],"_links":{"self":[{"href":"https:\/\/www.ksb-mol.de\/%20startseite%202025\/wp-json\/wp\/v2\/pages\/2741","targetHints":{"allow":["GET"]}}],"collection":[{"href":"https:\/\/www.ksb-mol.de\/%20startseite%202025\/wp-json\/wp\/v2\/pages"}],"about":[{"href":"https:\/\/www.ksb-mol.de\/%20startseite%202025\/wp-json\/wp\/v2\/types\/page"}],"author":[{"embeddable":true,"href":"https:\/\/www.ksb-mol.de\/%20startseite%202025\/wp-json\/wp\/v2\/users\/3"}],"replies":[{"embeddable":true,"href":"https:\/\/www.ksb-mol.de\/%20startseite%202025\/wp-json\/wp\/v2\/comments?post=2741"}],"version-history":[{"count":0,"href":"https:\/\/www.ksb-mol.de\/%20startseite%202025\/wp-json\/wp\/v2\/pages\/2741\/revisions"}],"wp:attachment":[{"href":"https:\/\/www.ksb-mol.de\/%20startseite%202025\/wp-json\/wp\/v2\/media?parent=2741"}],"curies":[{"name":"wp","href":"https:\/\/api.w.org\/{rel}","templated":true}]}}