{"id":2211,"date":"2022-12-21T12:21:42","date_gmt":"2022-12-21T11:21:42","guid":{"rendered":"https:\/\/www.ksb-mol.de\/?page_id=2211"},"modified":"2026-03-11T15:15:33","modified_gmt":"2026-03-11T14:15:33","slug":"__trashed","status":"publish","type":"page","link":"https:\/\/www.ksb-mol.de\/%20startseite%202025\/__trashed\/","title":{"rendered":"Talentiaden"},"content":{"rendered":"<p>[et_pb_section fb_built=&#8220;1&#8243; _builder_version=&#8220;4.19.1&#8243; _module_preset=&#8220;default&#8220; background_color=&#8220;#E02B20&#8243; background_image=&#8220;https:\/\/www.ksb-mol.de\/wp-content\/uploads\/2022\/06\/Talentiade-3-scaled.jpg&#8220; global_colors_info=&#8220;{}&#8220;][\/et_pb_section][et_pb_section fb_built=&#8220;1&#8243; _builder_version=&#8220;4.17.4&#8243; _module_preset=&#8220;default&#8220; global_colors_info=&#8220;{}&#8220;][et_pb_row _builder_version=&#8220;4.17.4&#8243; _module_preset=&#8220;default&#8220; global_colors_info=&#8220;{}&#8220;][et_pb_column type=&#8220;4_4&#8243; _builder_version=&#8220;4.17.4&#8243; _module_preset=&#8220;default&#8220; global_colors_info=&#8220;{}&#8220;][et_pb_text _builder_version=&#8220;4.19.1&#8243; _module_preset=&#8220;default&#8220; global_colors_info=&#8220;{}&#8220;]<\/p>\n<h2><strong>Talentiaden in M\u00e4rkisch Oderland &#8211; <\/strong><\/h2>\n<h2><strong>auf der Suche nach Spitzensportlern von morgen&#8230;<\/strong><\/h2>\n<p>[\/et_pb_text][\/et_pb_column][\/et_pb_row][\/et_pb_section][et_pb_section fb_built=&#8220;1&#8243; _builder_version=&#8220;4.17.4&#8243; _module_preset=&#8220;default&#8220; global_colors_info=&#8220;{}&#8220;][et_pb_row column_structure=&#8220;2_5,3_5&#8243; _builder_version=&#8220;4.17.4&#8243; _module_preset=&#8220;default&#8220; custom_margin=&#8220;-99px|auto||auto||&#8220; global_colors_info=&#8220;{}&#8220;][et_pb_column type=&#8220;2_5&#8243; _builder_version=&#8220;4.17.4&#8243; _module_preset=&#8220;default&#8220; global_colors_info=&#8220;{}&#8220;][et_pb_image src=&#8220;https:\/\/www.ksb-mol.de\/wp-content\/uploads\/2022\/12\/talentiade_logo.jpg&#8220; title_text=&#8220;talentiade_logo&#8220; _builder_version=&#8220;4.19.1&#8243; _module_preset=&#8220;default&#8220; global_colors_info=&#8220;{}&#8220;][\/et_pb_image][\/et_pb_column][et_pb_column type=&#8220;3_5&#8243; _builder_version=&#8220;4.17.4&#8243; _module_preset=&#8220;default&#8220; global_colors_info=&#8220;{}&#8220;][et_pb_text _builder_version=&#8220;4.19.1&#8243; _module_preset=&#8220;default&#8220; global_colors_info=&#8220;{}&#8220;]<\/p>\n<h5><strong>&#8222;<\/strong><em><strong>Talentiaden&#8220; sind Veranstaltungen f\u00fcr Kinder, die im EMOTIKON-Testverfahren in der 3. Klasse im Sportunterricht \u00fcberdurchschnittliche Ergebnisse erreicht haben<\/strong>.<\/em><\/h5>\n<p>Die jeweiligen Sportlehrer h\u00e4ndigen den Kindern einen sogenannten &#8222;Talentpass&#8220; aus, der die Eintrittskarte f\u00fcr die jeweilige Veranstaltung ist.<\/p>\n<p>Da der Landkreis sehr gro\u00df ist, erfolgt in MOL eine regionale Aufteilung der Schulen:<\/p>\n<p>Altkreis Seelow f\u00e4hrt nach Frankfurt\/Oder (SSB FF\/O),<\/p>\n<p>Altkreis Bad Freienwalde (f\u00e4hrt nach Eberswalde)<\/p>\n<p>Altkreis Strausberg (SEP SRB)<\/p>\n<p>&nbsp;<\/p>\n<p>[\/et_pb_text][\/et_pb_column][\/et_pb_row][et_pb_row column_structure=&#8220;3_5,2_5&#8243; _builder_version=&#8220;4.17.4&#8243; _module_preset=&#8220;default&#8220; global_colors_info=&#8220;{}&#8220;][et_pb_column type=&#8220;3_5&#8243; _builder_version=&#8220;4.17.4&#8243; _module_preset=&#8220;default&#8220; global_colors_info=&#8220;{}&#8220;][et_pb_text _builder_version=&#8220;4.19.1&#8243; _module_preset=&#8220;default&#8220; global_colors_info=&#8220;{}&#8220;]<\/p>\n<p><strong>Wie sind die Talentiaden gestaltet?<\/strong><\/p>\n<p>Talentiaden werden in kleinen Stationen durchgef\u00fchrt. Die einzelnen Stationen werden von Landesfachverb\u00e4nden und Sportvereinen geleitet und sollen den M\u00e4dchen und Jungen die M\u00f6glichkeit geben, sich in der Sportart auszuprobieren. Die Trainer werden ihre Kontaktdaten an den KSB und an die Kinder weiterreichen, wenn sie ein besonderes Talent zur jeweiligen Sportart erkennen. Eltern haben dann die Freiheit zu entscheiden, ob sie dem Aufruf folgen, das Kind nochmals beim Verein\/ Fachverband vorzustellen. Nicht immer werden tats\u00e4chlich Talente entdeckt, aber die Sch\u00fcler*innen der 3. Klassen erleben einen bunten sportlichen Tag, der ihnen meistens lange in Erinnerung bleibt.<\/p>\n<p>[\/et_pb_text][\/et_pb_column][et_pb_column type=&#8220;2_5&#8243; _builder_version=&#8220;4.17.4&#8243; _module_preset=&#8220;default&#8220; global_colors_info=&#8220;{}&#8220;][et_pb_image src=&#8220;https:\/\/www.ksb-mol.de\/wp-content\/uploads\/2022\/06\/Talentiade-2-scaled.jpg&#8220; title_text=&#8220;Talentiade 2&#8243; _builder_version=&#8220;4.19.1&#8243; _module_preset=&#8220;default&#8220; global_colors_info=&#8220;{}&#8220;][\/et_pb_image][\/et_pb_column][\/et_pb_row][et_pb_row column_structure=&#8220;1_2,1_2&#8243; _builder_version=&#8220;4.17.4&#8243; _module_preset=&#8220;default&#8220; global_colors_info=&#8220;{}&#8220;][et_pb_column type=&#8220;1_2&#8243; _builder_version=&#8220;4.17.4&#8243; _module_preset=&#8220;default&#8220; global_colors_info=&#8220;{}&#8220;][et_pb_image src=&#8220;https:\/\/www.ksb-mol.de\/wp-content\/uploads\/2022\/06\/Talentiade-5-scaled.jpg&#8220; title_text=&#8220;Talentiade 5&#8243; _builder_version=&#8220;4.19.1&#8243; _module_preset=&#8220;default&#8220; global_colors_info=&#8220;{}&#8220;][\/et_pb_image][\/et_pb_column][et_pb_column type=&#8220;1_2&#8243; _builder_version=&#8220;4.17.4&#8243; _module_preset=&#8220;default&#8220; global_colors_info=&#8220;{}&#8220;][et_pb_text _builder_version=&#8220;4.19.1&#8243; _module_preset=&#8220;default&#8220; custom_padding=&#8220;4px||16px|53px||&#8220; link_option_url=&#8220;https:\/\/maerkisch-oderland.talentiade-brandenburg.de\/home.html&#8220; global_colors_info=&#8220;{}&#8220;]<\/p>\n<blockquote>\n<p>\u00a0Anmeldungen hier \u00fcber Eltern und Angeh\u00f6rige!<\/p>\n<p>&nbsp;<\/p>\n<\/blockquote>\n<p>Die Begleitung zu den Talentiadeveranstaltungen soll eigentlich \u00fcber die Grundschulen erfolgen. H\u00e4ufig haben die Schulen jedoch keine Kapazit\u00e4t Lehrer oder Erzieher f\u00fcr diese Zeit abzustellen, dass die Aufsicht \u00fcber Eltern oder Elternverterter erfolgt.<\/p>\n<p>Anfahrten zu den Veranstaltungen \u00fcbernimmt der Landessportbund Brandenburg e. V. , wenn die Schulen rechtzeitig das beim KSB MOL e. V. angezeigt haben. Hier kann das ebenso in Form der Finanzierung eines\u00a0 Busunternehmens erfolgen.<\/p>\n<p>[\/et_pb_text][\/et_pb_column][\/et_pb_row][et_pb_row column_structure=&#8220;1_2,1_2&#8243; _builder_version=&#8220;4.19.1&#8243; _module_preset=&#8220;default&#8220; global_colors_info=&#8220;{}&#8220;][et_pb_column type=&#8220;1_2&#8243; _builder_version=&#8220;4.19.1&#8243; _module_preset=&#8220;default&#8220; global_colors_info=&#8220;{}&#8220;][et_pb_image src=&#8220;https:\/\/www.ksb-mol.de\/wp-content\/uploads\/2025\/10\/Talentiade-8_23-scaled.jpg&#8220; title_text=&#8220;Talentiade 8_23&#8243; _builder_version=&#8220;4.27.4&#8243; _module_preset=&#8220;default&#8220; global_colors_info=&#8220;{}&#8220;][\/et_pb_image][\/et_pb_column][et_pb_column type=&#8220;1_2&#8243; _builder_version=&#8220;4.19.1&#8243; _module_preset=&#8220;default&#8220; global_colors_info=&#8220;{}&#8220;][et_pb_image src=&#8220;https:\/\/www.ksb-mol.de\/wp-content\/uploads\/2025\/10\/Talentiade-4_23-scaled.jpg&#8220; title_text=&#8220;Talentiade 4_23&#8243; _builder_version=&#8220;4.27.4&#8243; _module_preset=&#8220;default&#8220; global_colors_info=&#8220;{}&#8220;][\/et_pb_image][\/et_pb_column][\/et_pb_row][et_pb_row column_structure=&#8220;1_3,1_3,1_3&#8243; _builder_version=&#8220;4.19.1&#8243; _module_preset=&#8220;default&#8220; global_colors_info=&#8220;{}&#8220;][et_pb_column type=&#8220;1_3&#8243; _builder_version=&#8220;4.19.1&#8243; _module_preset=&#8220;default&#8220; global_colors_info=&#8220;{}&#8220;][et_pb_image src=&#8220;https:\/\/www.ksb-mol.de\/wp-content\/uploads\/2022\/06\/Talentiade-a.-1-scaled.jpg&#8220; title_text=&#8220;Talentiade a.&#8220; _builder_version=&#8220;4.19.1&#8243; _module_preset=&#8220;default&#8220; global_colors_info=&#8220;{}&#8220;][\/et_pb_image][\/et_pb_column][et_pb_column type=&#8220;1_3&#8243; _builder_version=&#8220;4.19.1&#8243; _module_preset=&#8220;default&#8220; global_colors_info=&#8220;{}&#8220;][et_pb_text _builder_version=&#8220;4.19.1&#8243; _module_preset=&#8220;default&#8220; global_colors_info=&#8220;{}&#8220;]<\/p>\n<p>Sportarten \/ Stationen:<\/p>\n<p>Je nach Veranstaltung haben wir folgende Partner mit dabei:<\/p>\n<p>Skispringen, Boxen, Judo, Ringen, Radsport,\u00a0 Leichtathletik, Rudern, Rugby, Tischtennis, Handball&#8230;<\/p>\n<p><em>Achtung Eltern:<\/em><\/p>\n<p><em>Sehr gern d\u00fcrft ihr eure Kinder an diesem Tag begleiten und euch umschauen. Bitte lasst aber euren Kindern den Freiraum, sich selbst zu erproben und haltet Abstand.\u00a0<\/em><\/p>\n<p>[\/et_pb_text][\/et_pb_column][et_pb_column type=&#8220;1_3&#8243; _builder_version=&#8220;4.19.1&#8243; _module_preset=&#8220;default&#8220; global_colors_info=&#8220;{}&#8220;][et_pb_image src=&#8220;https:\/\/www.ksb-mol.de\/wp-content\/uploads\/2022\/12\/talentiade_logo.jpg&#8220; title_text=&#8220;talentiade_logo&#8220; _builder_version=&#8220;4.27.4&#8243; _module_preset=&#8220;default&#8220; global_colors_info=&#8220;{}&#8220;][\/et_pb_image][\/et_pb_column][\/et_pb_row][\/et_pb_section]<\/p>\n","protected":false},"excerpt":{"rendered":"<p>Talentiaden in M\u00e4rkisch Oderland &#8211; auf der Suche nach Spitzensportlern von morgen&#8230;&#8220;Talentiaden&#8220; sind Veranstaltungen f\u00fcr Kinder, die im EMOTIKON-Testverfahren in der 3. Klasse im Sportunterricht \u00fcberdurchschnittliche Ergebnisse erreicht haben. Die [&hellip;]<\/p>\n","protected":false},"author":3,"featured_media":0,"parent":0,"menu_order":0,"comment_status":"closed","ping_status":"closed","template":"","meta":{"_et_pb_use_builder":"on","_et_pb_old_content":"","_et_gb_content_width":"","footnotes":""},"class_list":["post-2211","page","type-page","status-publish","hentry"],"_links":{"self":[{"href":"https:\/\/www.ksb-mol.de\/%20startseite%202025\/wp-json\/wp\/v2\/pages\/2211","targetHints":{"allow":["GET"]}}],"collection":[{"href":"https:\/\/www.ksb-mol.de\/%20startseite%202025\/wp-json\/wp\/v2\/pages"}],"about":[{"href":"https:\/\/www.ksb-mol.de\/%20startseite%202025\/wp-json\/wp\/v2\/types\/page"}],"author":[{"embeddable":true,"href":"https:\/\/www.ksb-mol.de\/%20startseite%202025\/wp-json\/wp\/v2\/users\/3"}],"replies":[{"embeddable":true,"href":"https:\/\/www.ksb-mol.de\/%20startseite%202025\/wp-json\/wp\/v2\/comments?post=2211"}],"version-history":[{"count":0,"href":"https:\/\/www.ksb-mol.de\/%20startseite%202025\/wp-json\/wp\/v2\/pages\/2211\/revisions"}],"wp:attachment":[{"href":"https:\/\/www.ksb-mol.de\/%20startseite%202025\/wp-json\/wp\/v2\/media?parent=2211"}],"curies":[{"name":"wp","href":"https:\/\/api.w.org\/{rel}","templated":true}]}}