{"id":1082,"date":"2021-03-30T12:46:02","date_gmt":"2021-03-30T10:46:02","guid":{"rendered":"http:\/\/www.ksb-mol.de\/?page_id=1082"},"modified":"2025-10-15T11:15:36","modified_gmt":"2025-10-15T09:15:36","slug":"sturzpraevention","status":"publish","type":"page","link":"https:\/\/www.ksb-mol.de\/%20startseite%202025\/sturzpraevention\/","title":{"rendered":"Sturzpr\u00e4vention"},"content":{"rendered":"<p>[et_pb_section fb_built=&#8220;1&#8243; fullwidth=&#8220;on&#8220; _builder_version=&#8220;4.16&#8243; _module_preset=&#8220;default&#8220; bottom_divider_style=&#8220;slant2&#8243; bottom_divider_color=&#8220;#FFFFFF&#8220; global_colors_info=&#8220;{}&#8220;][et_pb_fullwidth_header _builder_version=&#8220;4.16&#8243; _module_preset=&#8220;default&#8220; background_image=&#8220;https:\/\/www.ksb-mol.de\/wp-content\/uploads\/2021\/04\/slider11.jpg&#8220; custom_padding=&#8220;||200px||false|false&#8220; global_colors_info=&#8220;{}&#8220;][\/et_pb_fullwidth_header][\/et_pb_section][et_pb_section fb_built=&#8220;1&#8243; _builder_version=&#8220;4.16&#8243; _module_preset=&#8220;default&#8220; global_colors_info=&#8220;{}&#8220;][et_pb_row _builder_version=&#8220;4.16&#8243; _module_preset=&#8220;default&#8220; global_colors_info=&#8220;{}&#8220;][et_pb_column type=&#8220;4_4&#8243; _builder_version=&#8220;4.16&#8243; _module_preset=&#8220;default&#8220; global_colors_info=&#8220;{}&#8220;][et_pb_text _builder_version=&#8220;4.17.4&#8243; _module_preset=&#8220;default&#8220; global_colors_info=&#8220;{}&#8220;]<\/p>\n<h2>Ambulante Sturzpr\u00e4vention<\/h2>\n<p>[\/et_pb_text][\/et_pb_column][\/et_pb_row][et_pb_row column_structure=&#8220;1_2,1_2&#8243; _builder_version=&#8220;4.16&#8243; _module_preset=&#8220;default&#8220; global_colors_info=&#8220;{}&#8220;][et_pb_column type=&#8220;1_2&#8243; _builder_version=&#8220;4.16&#8243; _module_preset=&#8220;default&#8220; global_colors_info=&#8220;{}&#8220;][et_pb_text _builder_version=&#8220;4.16&#8243; _module_preset=&#8220;default&#8220; global_colors_info=&#8220;{}&#8220;]<\/p>\n<p>Die ambulante Sturzpr\u00e4vention ist ein Gemeinschaftsprojekt des Landkreises M\u00e4rkisch- Oderland, der AOK Nordost und des KSB MOL e. V.\u00a0<\/p>\n<p>Ziel dieses Gesundheitssportangebotes ist es, das Sturzrisiko von Senioren und Seniorinnen durch spezielle \u00dcbungen im Bereich Koordination, Balance und Krafttraining zu verringern. Das Projekt wird aktuell in \u00fcber 40 Gruppen im gesamten Landkreis M\u00e4rkisch-Oderland durchgef\u00fchrt und ist f\u00fcr alle Teilnehmer\/innen kostenlos.<\/p>\n<p>Weitere Informationen unter 03346\/8525202\u00a0<\/p>\n<p>[\/et_pb_text][\/et_pb_column][et_pb_column type=&#8220;1_2&#8243; _builder_version=&#8220;4.16&#8243; _module_preset=&#8220;default&#8220; global_colors_info=&#8220;{}&#8220;][et_pb_image src=&#8220;https:\/\/www.ksb-mol.de\/wp-content\/uploads\/2025\/10\/IMG_6093.jpg&#8220; title_text=&#8220;IMG_6093&#8243; _builder_version=&#8220;4.27.4&#8243; _module_preset=&#8220;default&#8220; hover_enabled=&#8220;0&#8243; global_colors_info=&#8220;{}&#8220; sticky_enabled=&#8220;0&#8243;][\/et_pb_image][\/et_pb_column][\/et_pb_row][et_pb_row column_structure=&#8220;1_3,1_3,1_3&#8243; _builder_version=&#8220;4.17.4&#8243; _module_preset=&#8220;default&#8220; global_colors_info=&#8220;{}&#8220;][et_pb_column type=&#8220;1_3&#8243; _builder_version=&#8220;4.17.4&#8243; _module_preset=&#8220;default&#8220; global_colors_info=&#8220;{}&#8220;][et_pb_text _builder_version=&#8220;4.17.4&#8243; _module_preset=&#8220;default&#8220; global_colors_info=&#8220;{}&#8220;]<\/p>\n<p>Die Sturzpr\u00e4vention soll einen Beitrag dazu leisten, dass \u00e4ltere Menschen nicht nur vor St\u00fcrzen bewahrt werden, sondern auch ihren Lebensalltag lange eigenst\u00e4ndig bew\u00e4ltigen k\u00f6nnen. K\u00f6rperliche Fitness ist in jedem Alter trainierbar und die Basis f\u00fcr ein gesundes Altern. Leichte \u00dcbungen mit Kleinsportger\u00e4ten, \u00dcbungen im Sitzen und Hinweis f\u00fcr die Gestaltung einer barrierefreien Umgebung im h\u00e4uslichen Umfeld geh\u00f6ren ebenso dazu.<\/p>\n<p>[\/et_pb_text][\/et_pb_column][et_pb_column type=&#8220;1_3&#8243; _builder_version=&#8220;4.17.4&#8243; _module_preset=&#8220;default&#8220; global_colors_info=&#8220;{}&#8220;][et_pb_image src=&#8220;https:\/\/www.ksb-mol.de\/wp-content\/uploads\/2022\/08\/AOK.png&#8220; title_text=&#8220;AOK&#8220; _builder_version=&#8220;4.17.4&#8243; _module_preset=&#8220;default&#8220; global_colors_info=&#8220;{}&#8220;][\/et_pb_image][\/et_pb_column][et_pb_column type=&#8220;1_3&#8243; _builder_version=&#8220;4.17.4&#8243; _module_preset=&#8220;default&#8220; global_colors_info=&#8220;{}&#8220;][et_pb_image src=&#8220;https:\/\/www.ksb-mol.de\/wp-content\/uploads\/2022\/03\/Landkreis-MOL.png&#8220; title_text=&#8220;Landkreis MOL&#8220; _builder_version=&#8220;4.17.4&#8243; _module_preset=&#8220;default&#8220; global_colors_info=&#8220;{}&#8220;][\/et_pb_image][\/et_pb_column][\/et_pb_row][et_pb_row column_structure=&#8220;1_3,1_3,1_3&#8243; _builder_version=&#8220;4.17.4&#8243; _module_preset=&#8220;default&#8220; global_colors_info=&#8220;{}&#8220;][et_pb_column type=&#8220;1_3&#8243; _builder_version=&#8220;4.17.4&#8243; _module_preset=&#8220;default&#8220; global_colors_info=&#8220;{}&#8220;][et_pb_image src=&#8220;https:\/\/www.ksb-mol.de\/wp-content\/uploads\/2025\/10\/IMG_1858-scaled.jpg&#8220; title_text=&#8220;IMG_1858&#8243; _builder_version=&#8220;4.27.4&#8243; _module_preset=&#8220;default&#8220; hover_enabled=&#8220;0&#8243; global_colors_info=&#8220;{}&#8220; sticky_enabled=&#8220;0&#8243;][\/et_pb_image][\/et_pb_column][et_pb_column type=&#8220;1_3&#8243; _builder_version=&#8220;4.17.4&#8243; _module_preset=&#8220;default&#8220; global_colors_info=&#8220;{}&#8220;][et_pb_text _builder_version=&#8220;4.17.4&#8243; _module_preset=&#8220;default&#8220; global_colors_info=&#8220;{}&#8220;]<\/p>\n<p><strong>Soziale Kontakte:<\/strong><\/p>\n<p>Das regelm\u00e4\u00dfige Zusammentreffen der \u00e4lteren Menschen f\u00f6rdert soziale Kontakte und ist auch ein Schritt aus der Einsamkeit, denn viele \u00e4ltere Menschen leben allein. Nicht selten bleiben die Senior*innen auch nach Beendigung der Sportstunde zusammen oder verabreden sich zum gemeinsamen Kaffeetrinken.<\/p>\n<p>[\/et_pb_text][\/et_pb_column][et_pb_column type=&#8220;1_3&#8243; _builder_version=&#8220;4.17.4&#8243; _module_preset=&#8220;default&#8220; global_colors_info=&#8220;{}&#8220;][et_pb_image src=&#8220;https:\/\/www.ksb-mol.de\/wp-content\/uploads\/2025\/10\/IMG_1881-scaled.jpg&#8220; title_text=&#8220;IMG_1881&#8243; _builder_version=&#8220;4.27.4&#8243; _module_preset=&#8220;default&#8220; hover_enabled=&#8220;0&#8243; global_colors_info=&#8220;{}&#8220; sticky_enabled=&#8220;0&#8243;][\/et_pb_image][\/et_pb_column][\/et_pb_row][et_pb_row _builder_version=&#8220;4.17.4&#8243; _module_preset=&#8220;default&#8220; global_colors_info=&#8220;{}&#8220;][et_pb_column type=&#8220;4_4&#8243; _builder_version=&#8220;4.17.4&#8243; _module_preset=&#8220;default&#8220; global_colors_info=&#8220;{}&#8220;][et_pb_text _builder_version=&#8220;4.17.4&#8243; _module_preset=&#8220;default&#8220; global_colors_info=&#8220;{}&#8220;]<\/p>\n<p>Hier finden Sie unsere kreisweiten Angebote, die Ihnen zur Verf\u00fcgung stehen. Melden Sie sich bitte in der Gesch\u00e4ftsstelle des KSB MOL e. V.: 03346\/8525200. Gern sind wir bereit, unser Angebot auch auf andere Ortschaften auszuweiten. Fragen Sie einfach bei uns an. Voraussetzung: kostenlose Nutzung von R\u00e4umlichkeiten.<\/p>\n<p>[\/et_pb_text][\/et_pb_column][\/et_pb_row][et_pb_row column_structure=&#8220;1_3,1_3,1_3&#8243; _builder_version=&#8220;4.17.4&#8243; _module_preset=&#8220;default&#8220; global_colors_info=&#8220;{}&#8220;][et_pb_column type=&#8220;1_3&#8243; _builder_version=&#8220;4.16&#8243; _module_preset=&#8220;default&#8220; global_colors_info=&#8220;{}&#8220;][et_pb_text _builder_version=&#8220;4.16&#8243; _module_preset=&#8220;default&#8220; global_colors_info=&#8220;{}&#8220;]<\/p>\n<p>Region <strong>Bad Freienwalde<\/strong>\u00a0<\/p>\n<p>&#8211; Bad Freienwalde\u00a0<\/p>\n<p>&#8211; Wriezen<\/p>\n<p>&#8211; Falkenberg<\/p>\n<p>&#8211; Reichenberg<\/p>\n<p>&nbsp;<\/p>\n<p>[\/et_pb_text][\/et_pb_column][et_pb_column type=&#8220;1_3&#8243; _builder_version=&#8220;4.16&#8243; _module_preset=&#8220;default&#8220; global_colors_info=&#8220;{}&#8220;][et_pb_text _builder_version=&#8220;4.16&#8243; _module_preset=&#8220;default&#8220; global_colors_info=&#8220;{}&#8220;]<\/p>\n<p>Region <strong>Strausberg\u00a0<\/strong><\/p>\n<p>&#8211; Strausberg\u00a0<\/p>\n<p>&#8211; Altlandsberg<\/p>\n<p>&#8211; Wesendahl<\/p>\n<p>&#8211; Gielsdorf<\/p>\n<p>&#8211; Bruchm\u00fchle<\/p>\n<p>&#8211; Neuenhagen\u00a0<\/p>\n<p>&#8211; Eggersdorf<\/p>\n<p>&#8211; Fredersdorf &#8211; Vogelsdorf<\/p>\n<p>&#8211; H\u00f6now<\/p>\n<p>&#8211; R\u00fcdersdorf<\/p>\n<p>&#8211; Klosterdorf<\/p>\n<p>[\/et_pb_text][\/et_pb_column][et_pb_column type=&#8220;1_3&#8243; _builder_version=&#8220;4.16&#8243; _module_preset=&#8220;default&#8220; global_colors_info=&#8220;{}&#8220;][et_pb_text _builder_version=&#8220;4.16&#8243; _module_preset=&#8220;default&#8220; global_colors_info=&#8220;{}&#8220;]<\/p>\n<p>Region <strong>Seelow<\/strong>\u00a0<\/p>\n<p>&#8211; Seelow<\/p>\n<p>&#8211; Letschin<\/p>\n<p>&#8211; Gusow<\/p>\n<p>&#8211; Alt Zeschdorf<\/p>\n<p>&#8211; Zechin\u00a0<\/p>\n<p>&#8211; Ortwig<\/p>\n<p>&nbsp;<\/p>\n<p>[\/et_pb_text][\/et_pb_column][\/et_pb_row][\/et_pb_section]<\/p>\n","protected":false},"excerpt":{"rendered":"<p>Ambulante Sturzpr\u00e4ventionDie ambulante Sturzpr\u00e4vention ist ein Gemeinschaftsprojekt des Landkreises M\u00e4rkisch- Oderland, der AOK Nordost und des KSB MOL e. V.\u00a0 Ziel dieses Gesundheitssportangebotes ist es, das Sturzrisiko von Senioren und [&hellip;]<\/p>\n","protected":false},"author":2,"featured_media":0,"parent":0,"menu_order":0,"comment_status":"closed","ping_status":"closed","template":"","meta":{"_et_pb_use_builder":"on","_et_pb_old_content":"","_et_gb_content_width":"","footnotes":""},"class_list":["post-1082","page","type-page","status-publish","hentry"],"_links":{"self":[{"href":"https:\/\/www.ksb-mol.de\/%20startseite%202025\/wp-json\/wp\/v2\/pages\/1082","targetHints":{"allow":["GET"]}}],"collection":[{"href":"https:\/\/www.ksb-mol.de\/%20startseite%202025\/wp-json\/wp\/v2\/pages"}],"about":[{"href":"https:\/\/www.ksb-mol.de\/%20startseite%202025\/wp-json\/wp\/v2\/types\/page"}],"author":[{"embeddable":true,"href":"https:\/\/www.ksb-mol.de\/%20startseite%202025\/wp-json\/wp\/v2\/users\/2"}],"replies":[{"embeddable":true,"href":"https:\/\/www.ksb-mol.de\/%20startseite%202025\/wp-json\/wp\/v2\/comments?post=1082"}],"version-history":[{"count":0,"href":"https:\/\/www.ksb-mol.de\/%20startseite%202025\/wp-json\/wp\/v2\/pages\/1082\/revisions"}],"wp:attachment":[{"href":"https:\/\/www.ksb-mol.de\/%20startseite%202025\/wp-json\/wp\/v2\/media?parent=1082"}],"curies":[{"name":"wp","href":"https:\/\/api.w.org\/{rel}","templated":true}]}}